{"id":19150,"date":"2018-05-18T12:57:18","date_gmt":"2018-05-18T10:57:18","guid":{"rendered":"https:\/\/www.saskroeselare.be\/_\/?page_id=19150"},"modified":"2025-06-02T16:36:57","modified_gmt":"2025-06-02T14:36:57","slug":"focus-ateliers","status":"publish","type":"page","link":"https:\/\/www.saskroeselare.be\/_\/kinderen\/aanbod\/focus-ateliers\/","title":{"rendered":"focus-ateliers"},"content":{"rendered":"<div class=\"wpb-content-wrapper\"><p>[vc_row][vc_column width=&#8221;7\/12&#8243; css=&#8221;.vc_custom_1682526157588{margin-top: 30px !important;}&#8221;][vc_single_image image=&#8221;26838&#8243; img_size=&#8221;large&#8221; css=&#8221;.vc_custom_1682526148541{margin-bottom: 5px !important;}&#8221;][vc_masonry_media_grid element_width=&#8221;6&#8243; grid_id=&#8221;vc_gid:1748875004164-80215420-4155-3&#8243; include=&#8221;21445,21446,21447,21449,21450,26539,26540,26541,26542&#8243;][\/vc_column][vc_column width=&#8221;5\/12&#8243;][vc_column_text css=&#8221;&#8221;]<\/p>\n<h3>Focus je jou liever op \u00e9\u00e9n discipline?<\/h3>\n<p>Focusateliers zijn <strong>beeldateliers voor kinderen die specifiek interesse hebben in \u00e9\u00e9n discipline<\/strong>, zoals tekenen en niet met verf kliederen. Het is w\u00e9l zo dat alle disciplines aan bod komen in een focusatelier, maar de nadruk in de opdrachten ligt meer op de gekozen discipline. Er worden 2 focusateliers georganiseerd.<\/p>\n<h4>Beeldatelier met focus &#8217;tekenen&#8217;.<\/h4>\n<p>In dit beeldatelier zal het accent in de lessen liggen op het &#8217;tekenen&#8217;.<br \/>\nHoewel je soms ook wel eens zal werken met verf of klei.<\/p>\n<h4>Beeldatelier met focus \u2018techniek\u2019.<\/h4>\n<p>Wil je jouw eigen kunstwerkjes laten varen, vliegen of rijden?<br \/>\nWil je uitvinden, ontwerpen, lijmen, boren, zagen, vijzen, monteren, motoriseren, lasersnijden of programmeren?<br \/>\nIn ons techniek-atelier combineren we <b>wetenschap, techniek &amp; kunst<\/b>. Via leuke opdrachten kan je jou creatief uitleven en experimenteren met verschillende technieken en materialen.<\/p>\n<h5>Voor wie?<\/h5>\n<p>Leerlingen van het 3de\u00a0 tot 6de leerjaar kunnen deze richting volgen.<\/p>\n<h5>Wanneer?<\/h5>\n<p><a href=\"\/_\/kinderen\/uurroosters\/\">Bekijk hier de uurroosters<\/a>.<\/p>\n<h5>Door wie?<\/h5>\n<p><a href=\"\/_\/kinderen\/aanbod\/focus-ateliers\/leerkrachten\/\">Bekijk hier de leerkrachten<\/a>.<\/p>\n<h5>Waar?<\/h5>\n<p><a href=\"\/_\/kinderen\/locaties\/hoofdschool\">Bekijk hier de locaties<\/a>.<\/p>\n<h5>Inschrijven<\/h5>\n<p>Meer info bij <a href=\"\/_\/info\/inschrijven\/\">inschrijvingen<\/a> en <a href=\"\/_\/info\/verminderingstarieven\/\">tarieven<\/a>[\/vc_column_text][\/vc_column][\/vc_row][vc_row css=&#8221;.vc_custom_1694253861146{margin-top: 30px !important;}&#8221;][vc_column][vc_column_text css=&#8221;.vc_custom_1694253855154{margin-bottom: 20px !important;}&#8221;]<\/p>\n<h3>Leerkrachten<\/h3>\n<p>[\/vc_column_text]<div class=\"qodef-shortcode qodef-m  qodef-team-list qodef-item-layout--info-on-hover  qodef-grid qodef-layout--columns  qodef-gutter--normal qodef-col-num--3 qodef-item-layout--info-on-hover qodef--no-bottom-space qodef-pagination--off qodef-responsive--predefined\" data-options=\"{&quot;plugin&quot;:&quot;boldlab_core&quot;,&quot;module&quot;:&quot;post-types\\\/team\\\/shortcodes&quot;,&quot;shortcode&quot;:&quot;team-list&quot;,&quot;post_type&quot;:&quot;team&quot;,&quot;next_page&quot;:&quot;2&quot;,&quot;behavior&quot;:&quot;columns&quot;,&quot;images_proportion&quot;:&quot;full&quot;,&quot;columns&quot;:&quot;3&quot;,&quot;space&quot;:&quot;normal&quot;,&quot;columns_responsive&quot;:&quot;predefined&quot;,&quot;columns_1440&quot;:&quot;3&quot;,&quot;columns_1366&quot;:&quot;3&quot;,&quot;columns_1024&quot;:&quot;3&quot;,&quot;columns_768&quot;:&quot;3&quot;,&quot;columns_680&quot;:&quot;3&quot;,&quot;columns_480&quot;:&quot;3&quot;,&quot;orderby&quot;:&quot;date&quot;,&quot;order&quot;:&quot;DESC&quot;,&quot;additional_params&quot;:&quot;tax&quot;,&quot;tax&quot;:&quot;team-category&quot;,&quot;tax_slug&quot;:&quot;kinderen-focus-atelier&quot;,&quot;layout&quot;:&quot;info-on-hover&quot;,&quot;title_tag&quot;:&quot;h3&quot;,&quot;pagination_type&quot;:&quot;no-pagination&quot;,&quot;loading_animation&quot;:&quot;no&quot;,&quot;object_class_name&quot;:&quot;BoldlabCoreTeamListShortcode&quot;,&quot;additional_query_args&quot;:{&quot;tax_query&quot;:[{&quot;taxonomy&quot;:&quot;team-category&quot;,&quot;field&quot;:&quot;slug&quot;,&quot;terms&quot;:&quot;kinderen-focus-atelier&quot;}]},&quot;item_classes&quot;:&quot;qodef-e qodef-grid-item&quot;}\">\n\t<div class=\"qodef-grid-inner clear\">\n\t\t<div class=\"qodef-e qodef-grid-item\">\n\t<div class=\"qodef-e-inner\">\n\t\t<div class=\"qodef-e-image\">\n\t\t\t\t<div class=\"qodef-e-media-image\">\n\t\t\t\t\t<img loading=\"lazy\" decoding=\"async\" width=\"1000\" height=\"1000\" src=\"https:\/\/www.saskroeselare.be\/_\/wp-content\/uploads\/2023\/03\/Nele.jpg\" class=\"attachment-full size-full wp-post-image\" alt=\"\" srcset=\"https:\/\/www.saskroeselare.be\/_\/wp-content\/uploads\/2023\/03\/Nele.jpg 1000w, https:\/\/www.saskroeselare.be\/_\/wp-content\/uploads\/2023\/03\/Nele-300x300.jpg 300w, https:\/\/www.saskroeselare.be\/_\/wp-content\/uploads\/2023\/03\/Nele-150x150.jpg 150w, https:\/\/www.saskroeselare.be\/_\/wp-content\/uploads\/2023\/03\/Nele-650x650.jpg 650w\" sizes=\"auto, (max-width: 1000px) 100vw, 1000px\" \/>\t\t\t\t<\/div>\n\t\t<\/div>\n\t\t<div class=\"qodef-e-content\">\n\t\t\t<div class=\"qodef-e-content-inner\">\n\t\t\t\t\n\t\t\t\t<h3 itemprop=\"name\" class=\"qodef-e-title entry-title\" >\n\t\t\tNele Verbeke\t<\/h3>\t\t\t\t    <p class=\"qodef-e-role\">\n\t\t<b>Leerkracht<\/b>\n\t\t<BR>Jongeren<BR>- Beeldatelier<BR>Volwassenen<BR>- Initiatie beeldatelier<BR>Kinderen<BR>- Beeldatelier<BR>- Focus atelier    <\/p>\n\t\t\t\t\t\t\t\t\t\t\t<\/div>\n\t\t<\/div>\n\t<\/div>\n<\/div><div class=\"qodef-e qodef-grid-item\">\n\t<div class=\"qodef-e-inner\">\n\t\t<div class=\"qodef-e-image\">\n\t\t\t\t<div class=\"qodef-e-media-image\">\n\t\t\t\t\t<img loading=\"lazy\" decoding=\"async\" width=\"1000\" height=\"1000\" src=\"https:\/\/www.saskroeselare.be\/_\/wp-content\/uploads\/2023\/04\/Nik.jpg\" class=\"attachment-full size-full wp-post-image\" alt=\"\" srcset=\"https:\/\/www.saskroeselare.be\/_\/wp-content\/uploads\/2023\/04\/Nik.jpg 1000w, https:\/\/www.saskroeselare.be\/_\/wp-content\/uploads\/2023\/04\/Nik-300x300.jpg 300w, https:\/\/www.saskroeselare.be\/_\/wp-content\/uploads\/2023\/04\/Nik-150x150.jpg 150w, https:\/\/www.saskroeselare.be\/_\/wp-content\/uploads\/2023\/04\/Nik-650x650.jpg 650w\" sizes=\"auto, (max-width: 1000px) 100vw, 1000px\" \/>\t\t\t\t<\/div>\n\t\t<\/div>\n\t\t<div class=\"qodef-e-content\">\n\t\t\t<div class=\"qodef-e-content-inner\">\n\t\t\t\t\n\t\t\t\t<h3 itemprop=\"name\" class=\"qodef-e-title entry-title\" >\n\t\t\tNik Vanden Brande\t<\/h3>\t\t\t\t    <p class=\"qodef-e-role\">\n\t\t<b>Leerkracht, Pedagogisch stafmedewerker<\/b>\n\t\t<BR>Volwassenen<BR>- Juweelkunst<BR>Kinderen<BR>- Beeldatelier<BR>- Focus atelier    <\/p>\n\t\t\t\t\t\t\t\t\t\t\t<\/div>\n\t\t<\/div>\n\t<\/div>\n<\/div><div class=\"qodef-e qodef-grid-item\">\n\t<div class=\"qodef-e-inner\">\n\t\t<div class=\"qodef-e-image\">\n\t\t\t\t<div class=\"qodef-e-media-image\">\n\t\t\t\t\t<img loading=\"lazy\" decoding=\"async\" width=\"1000\" height=\"1000\" src=\"https:\/\/www.saskroeselare.be\/_\/wp-content\/uploads\/2024\/01\/silke.jpg\" class=\"attachment-full size-full wp-post-image\" alt=\"\" srcset=\"https:\/\/www.saskroeselare.be\/_\/wp-content\/uploads\/2024\/01\/silke.jpg 1000w, https:\/\/www.saskroeselare.be\/_\/wp-content\/uploads\/2024\/01\/silke-300x300.jpg 300w, https:\/\/www.saskroeselare.be\/_\/wp-content\/uploads\/2024\/01\/silke-150x150.jpg 150w, https:\/\/www.saskroeselare.be\/_\/wp-content\/uploads\/2024\/01\/silke-650x650.jpg 650w\" sizes=\"auto, (max-width: 1000px) 100vw, 1000px\" \/>\t\t\t\t<\/div>\n\t\t<\/div>\n\t\t<div class=\"qodef-e-content\">\n\t\t\t<div class=\"qodef-e-content-inner\">\n\t\t\t\t\n\t\t\t\t<h3 itemprop=\"name\" class=\"qodef-e-title entry-title\" >\n\t\t\tSilke Desmet\t<\/h3>\t\t\t\t    <p class=\"qodef-e-role\">\n\t\t<b>Leerkracht<\/b>\n\t\t<BR>Kinderen<BR>- Focus atelier    <\/p>\n\t\t\t\t\t\t\t\t\t\t\t<\/div>\n\t\t<\/div>\n\t<\/div>\n<\/div>\t<\/div>\n\t<\/div>[\/vc_column][\/vc_row]<\/p>\n<\/div>","protected":false},"excerpt":{"rendered":"<p>[vc_row][vc_column width=&#8221;7\/12&#8243; css=&#8221;.vc_custom_1682526157588{margin-top: 30px !important;}&#8221;][vc_single_image image=&#8221;26838&#8243; img_size=&#8221;large&#8221; css=&#8221;.vc_custom_1682526148541{margin-bottom: 5px !important;}&#8221;][vc_masonry_media_grid element_width=&#8221;6&#8243; grid_id=&#8221;vc_gid:1748875004164-80215420-4155-3&#8243; include=&#8221;21445,21446,21447,21449,21450,26539,26540,26541,26542&#8243;][\/vc_column][vc_column width=&#8221;5\/12&#8243;][vc_column_text css=&#8221;&#8221;] Focus je jou liever op \u00e9\u00e9n discipline? Focusateliers zijn beeldateliers voor kinderen die specifiek interesse hebben in \u00e9\u00e9n discipline, zoals tekenen en niet met verf kliederen. Het is w\u00e9l zo dat alle disciplines aan bod komen in een focusatelier, maar [&hellip;]<\/p>\n","protected":false},"author":1,"featured_media":26838,"parent":26514,"menu_order":40,"comment_status":"closed","ping_status":"closed","template":"","meta":{"footnotes":""},"class_list":["post-19150","page","type-page","status-publish","has-post-thumbnail","hentry"],"_links":{"self":[{"href":"https:\/\/www.saskroeselare.be\/_\/wp-json\/wp\/v2\/pages\/19150","targetHints":{"allow":["GET"]}}],"collection":[{"href":"https:\/\/www.saskroeselare.be\/_\/wp-json\/wp\/v2\/pages"}],"about":[{"href":"https:\/\/www.saskroeselare.be\/_\/wp-json\/wp\/v2\/types\/page"}],"author":[{"embeddable":true,"href":"https:\/\/www.saskroeselare.be\/_\/wp-json\/wp\/v2\/users\/1"}],"replies":[{"embeddable":true,"href":"https:\/\/www.saskroeselare.be\/_\/wp-json\/wp\/v2\/comments?post=19150"}],"version-history":[{"count":10,"href":"https:\/\/www.saskroeselare.be\/_\/wp-json\/wp\/v2\/pages\/19150\/revisions"}],"predecessor-version":[{"id":30209,"href":"https:\/\/www.saskroeselare.be\/_\/wp-json\/wp\/v2\/pages\/19150\/revisions\/30209"}],"up":[{"embeddable":true,"href":"https:\/\/www.saskroeselare.be\/_\/wp-json\/wp\/v2\/pages\/26514"}],"wp:featuredmedia":[{"embeddable":true,"href":"https:\/\/www.saskroeselare.be\/_\/wp-json\/wp\/v2\/media\/26838"}],"wp:attachment":[{"href":"https:\/\/www.saskroeselare.be\/_\/wp-json\/wp\/v2\/media?parent=19150"}],"curies":[{"name":"wp","href":"https:\/\/api.w.org\/{rel}","templated":true}]}}

<div class="wpb-content-wrapper"><p>[vc_row][vc_column width=&#8221;7/12&#8243; css=&#8221;.vc_custom_1682526157588{margin-top: 30px !important;}&#8221;][vc_single_image image=&#8221;26838&#8243; img_size=&#8221;large&#8221; css=&#8221;.vc_custom_1682526148541{margin-bottom: 5px !important;}&#8221;][vc_masonry_media_grid element_width=&#8221;6&#8243; grid_id=&#8221;vc_gid:1748875004164-80215420-4155-3&#8243; include=&#8221;21445,21446,21447,21449,21450,26539,26540,26541,26542&#8243;][/vc_column][vc_column width=&#8221;5/12&#8243;][vc_column_text css=&#8221;&#8221;]</p>
<h3>Focus je jou liever op één discipline?</h3>
<p>Focusateliers zijn <strong>beeldateliers voor kinderen die specifiek interesse hebben in één discipline</strong>, zoals tekenen en niet met verf kliederen. Het is wél zo dat alle disciplines aan bod komen in een focusatelier, maar de nadruk in de opdrachten ligt meer op de gekozen discipline. Er worden 2 focusateliers georganiseerd.</p>
<h4>Beeldatelier met focus &#8217;tekenen&#8217;.</h4>
<p>In dit beeldatelier zal het accent in de lessen liggen op het &#8217;tekenen&#8217;.<br />
Hoewel je soms ook wel eens zal werken met verf of klei.</p>
<h4>Beeldatelier met focus ‘techniek’.</h4>
<p>Wil je jouw eigen kunstwerkjes laten varen, vliegen of rijden?<br />
Wil je uitvinden, ontwerpen, lijmen, boren, zagen, vijzen, monteren, motoriseren, lasersnijden of programmeren?<br />
In ons techniek-atelier combineren we <b>wetenschap, techniek &amp; kunst</b>. Via leuke opdrachten kan je jou creatief uitleven en experimenteren met verschillende technieken en materialen.</p>
<h5>Voor wie?</h5>
<p>Leerlingen van het 3de  tot 6de leerjaar kunnen deze richting volgen.</p>
<h5>Wanneer?</h5>
<p><a href="/_/kinderen/uurroosters/">Bekijk hier de uurroosters</a>.</p>
<h5>Door wie?</h5>
<p><a href="/_/kinderen/aanbod/focus-ateliers/leerkrachten/">Bekijk hier de leerkrachten</a>.</p>
<h5>Waar?</h5>
<p><a href="/_/kinderen/locaties/hoofdschool">Bekijk hier de locaties</a>.</p>
<h5>Inschrijven</h5>
<p>Meer info bij <a href="/_/info/inschrijven/">inschrijvingen</a> en <a href="/_/info/verminderingstarieven/">tarieven</a>[/vc_column_text][/vc_column][/vc_row][vc_row css=&#8221;.vc_custom_1694253861146{margin-top: 30px !important;}&#8221;][vc_column][vc_column_text css=&#8221;.vc_custom_1694253855154{margin-bottom: 20px !important;}&#8221;]</p>
<h3>Leerkrachten</h3>
<p>[/vc_column_text]<div class="qodef-shortcode qodef-m  qodef-team-list qodef-item-layout--info-on-hover  qodef-grid qodef-layout--columns  qodef-gutter--normal qodef-col-num--3 qodef-item-layout--info-on-hover qodef--no-bottom-space qodef-pagination--off qodef-responsive--predefined" data-options="{&quot;plugin&quot;:&quot;boldlab_core&quot;,&quot;module&quot;:&quot;post-types\/team\/shortcodes&quot;,&quot;shortcode&quot;:&quot;team-list&quot;,&quot;post_type&quot;:&quot;team&quot;,&quot;next_page&quot;:&quot;2&quot;,&quot;behavior&quot;:&quot;columns&quot;,&quot;images_proportion&quot;:&quot;full&quot;,&quot;columns&quot;:&quot;3&quot;,&quot;space&quot;:&quot;normal&quot;,&quot;columns_responsive&quot;:&quot;predefined&quot;,&quot;columns_1440&quot;:&quot;3&quot;,&quot;columns_1366&quot;:&quot;3&quot;,&quot;columns_1024&quot;:&quot;3&quot;,&quot;columns_768&quot;:&quot;3&quot;,&quot;columns_680&quot;:&quot;3&quot;,&quot;columns_480&quot;:&quot;3&quot;,&quot;orderby&quot;:&quot;date&quot;,&quot;order&quot;:&quot;DESC&quot;,&quot;additional_params&quot;:&quot;tax&quot;,&quot;tax&quot;:&quot;team-category&quot;,&quot;tax_slug&quot;:&quot;kinderen-focus-atelier&quot;,&quot;layout&quot;:&quot;info-on-hover&quot;,&quot;title_tag&quot;:&quot;h3&quot;,&quot;pagination_type&quot;:&quot;no-pagination&quot;,&quot;loading_animation&quot;:&quot;no&quot;,&quot;object_class_name&quot;:&quot;BoldlabCoreTeamListShortcode&quot;,&quot;additional_query_args&quot;:{&quot;tax_query&quot;:[{&quot;taxonomy&quot;:&quot;team-category&quot;,&quot;field&quot;:&quot;slug&quot;,&quot;terms&quot;:&quot;kinderen-focus-atelier&quot;}]},&quot;item_classes&quot;:&quot;qodef-e qodef-grid-item&quot;}">
	<div class="qodef-grid-inner clear">
		<div class="qodef-e qodef-grid-item">
	<div class="qodef-e-inner">
		<div class="qodef-e-image">
				<div class="qodef-e-media-image">
					<img loading="lazy" decoding="async" width="1000" height="1000" src="https://www.saskroeselare.be/_/wp-content/uploads/2023/03/Nele.jpg" class="attachment-full size-full wp-post-image" alt="" srcset="https://www.saskroeselare.be/_/wp-content/uploads/2023/03/Nele.jpg 1000w, https://www.saskroeselare.be/_/wp-content/uploads/2023/03/Nele-300x300.jpg 300w, https://www.saskroeselare.be/_/wp-content/uploads/2023/03/Nele-150x150.jpg 150w, https://www.saskroeselare.be/_/wp-content/uploads/2023/03/Nele-650x650.jpg 650w" sizes="auto, (max-width: 1000px) 100vw, 1000px" />				</div>
		</div>
		<div class="qodef-e-content">
			<div class="qodef-e-content-inner">
				
				<h3 itemprop="name" class="qodef-e-title entry-title" >
			Nele Verbeke	</h3>				    <p class="qodef-e-role">
		<b>Leerkracht</b>
		<BR>Jongeren<BR>- Beeldatelier<BR>Volwassenen<BR>- Initiatie beeldatelier<BR>Kinderen<BR>- Beeldatelier<BR>- Focus atelier    </p>
											</div>
		</div>
	</div>
</div><div class="qodef-e qodef-grid-item">
	<div class="qodef-e-inner">
		<div class="qodef-e-image">
				<div class="qodef-e-media-image">
					<img loading="lazy" decoding="async" width="1000" height="1000" src="https://www.saskroeselare.be/_/wp-content/uploads/2023/04/Nik.jpg" class="attachment-full size-full wp-post-image" alt="" srcset="https://www.saskroeselare.be/_/wp-content/uploads/2023/04/Nik.jpg 1000w, https://www.saskroeselare.be/_/wp-content/uploads/2023/04/Nik-300x300.jpg 300w, https://www.saskroeselare.be/_/wp-content/uploads/2023/04/Nik-150x150.jpg 150w, https://www.saskroeselare.be/_/wp-content/uploads/2023/04/Nik-650x650.jpg 650w" sizes="auto, (max-width: 1000px) 100vw, 1000px" />				</div>
		</div>
		<div class="qodef-e-content">
			<div class="qodef-e-content-inner">
				
				<h3 itemprop="name" class="qodef-e-title entry-title" >
			Nik Vanden Brande	</h3>				    <p class="qodef-e-role">
		<b>Leerkracht, Pedagogisch stafmedewerker</b>
		<BR>Volwassenen<BR>- Juweelkunst<BR>Kinderen<BR>- Beeldatelier<BR>- Focus atelier    </p>
											</div>
		</div>
	</div>
</div><div class="qodef-e qodef-grid-item">
	<div class="qodef-e-inner">
		<div class="qodef-e-image">
				<div class="qodef-e-media-image">
					<img loading="lazy" decoding="async" width="1000" height="1000" src="https://www.saskroeselare.be/_/wp-content/uploads/2024/01/silke.jpg" class="attachment-full size-full wp-post-image" alt="" srcset="https://www.saskroeselare.be/_/wp-content/uploads/2024/01/silke.jpg 1000w, https://www.saskroeselare.be/_/wp-content/uploads/2024/01/silke-300x300.jpg 300w, https://www.saskroeselare.be/_/wp-content/uploads/2024/01/silke-150x150.jpg 150w, https://www.saskroeselare.be/_/wp-content/uploads/2024/01/silke-650x650.jpg 650w" sizes="auto, (max-width: 1000px) 100vw, 1000px" />				</div>
		</div>
		<div class="qodef-e-content">
			<div class="qodef-e-content-inner">
				
				<h3 itemprop="name" class="qodef-e-title entry-title" >
			Silke Desmet	</h3>				    <p class="qodef-e-role">
		<b>Leerkracht</b>
		<BR>Kinderen<BR>- Focus atelier    </p>
											</div>
		</div>
	</div>
</div>	</div>
	</div>[/vc_column][/vc_row]</p>
</div>

<p>[vc_row][vc_column width=&#8221;7/12&#8243; css=&#8221;.vc_custom_1682526157588{margin-top: 30px !important;}&#8221;][vc_single_image image=&#8221;26838&#8243; img_size=&#8221;large&#8221; css=&#8221;.vc_custom_1682526148541{margin-bottom: 5px !important;}&#8221;][vc_masonry_media_grid element_width=&#8221;6&#8243; grid_id=&#8221;vc_gid:1748875004164-80215420-4155-3&#8243; include=&#8221;21445,21446,21447,21449,21450,26539,26540,26541,26542&#8243;][/vc_column][vc_column width=&#8221;5/12&#8243;][vc_column_text css=&#8221;&#8221;] Focus je jou liever op één discipline? Focusateliers zijn beeldateliers voor kinderen die specifiek interesse hebben in één discipline, zoals tekenen en niet met verf kliederen. Het is wél zo dat alle disciplines aan bod komen in een focusatelier, maar [&hellip;]</p>
