{"id":6737,"date":"2014-05-21T11:01:16","date_gmt":"2014-05-21T10:01:16","guid":{"rendered":"http:\/\/saskroeselare.be\/?page_id=6737"},"modified":"2026-03-30T13:24:40","modified_gmt":"2026-03-30T11:24:40","slug":"praktische-afspraken-start-schooljaar","status":"publish","type":"page","link":"https:\/\/www.saskroeselare.be\/_\/info\/praktische-afspraken-start-schooljaar\/","title":{"rendered":"praktische afspraken START schooljaar"},"content":{"rendered":"<div class=\"wpb-content-wrapper\"><p>[vc_row][vc_column width=&#8221;1\/3&#8243;][vc_single_image image=&#8221;27604&#8243; img_size=&#8221;full&#8221; css=&#8221;.vc_custom_1693481279987{margin-top: 30px !important;}&#8221;][\/vc_column][vc_column width=&#8221;2\/3&#8243;][vc_column_text css=&#8221;&#8221;]<\/p>\n<h3>Wanneer starten de lessen?<\/h3>\n<p>De lessen van het nieuwe schooljaar starten <strong>vanaf 1 september<\/strong>.\u00a0 Er kan wel nog tot eind september worden <a href=\"\/_\/info\/inschrijven\/\">ingeschreven<\/a>.<\/p>\n<h3>Vanaf wanneer mag ik naar de les komen?<\/h3>\n<p>Ben je ingeschreven dan mag je meteen naar de les komen.\u00a0 Ook als je nog niet hebt betaald.<\/p>\n<p>Wil je een <strong>proefles<\/strong> volgen? Dat kan, neem hiervoor contact op met secretariaat!<\/p>\n<h3>Waar en wanneer begint mijn les?<\/h3>\n<p>Je kan dit terugvinden op je <a href=\"https:\/\/mijnacademie.be\/saskroeselare\" target=\"_blank\" rel=\"noopener\">mijnacademie.be<\/a> account (rechtsboven aanmelden).<br \/>\nOmdat op de hoofdschool in Roeselare heel wat lessen doorgaan, plaatsen we de eerste twee weken van september een groot infobord met de klassenlijsten in de inkom.<br \/>\nGedurende die eerste twee weken zal iemand jou onthalen en wegwijzen in de hoofdschool.<\/p>\n<h3>Wat moet ik mee brengen?<\/h3>\n<p>Nieuwe leerlingen die nog geen materiaal hebben, brengen voor de eerste les nog geen materiaal mee. De leerkracht voorziet voldoende materiaal voor die eerste les. Oud-leerlingen brengen hun materiaalkoffer van vorig jaar mee.<\/p>\n<p>Elke leerling ontvangt de eerste les een materiaallijst van de leerkracht. De materiaallijsten voor de lessen van de -18-jarigen kan je hieronder al eens bekijken, <strong>maar koop vooraf nog niets aan<\/strong>!<br \/>\nHet kan zijn dat de leerkrachten zelf nog zaken schrappen of toevoegen aan deze lijst, waardoor je overbodige zaken zou kunnen aankopen.<\/p>\n<p>Leerlingen met een <b><strong>vrijetijdspas\u00a0<\/strong><\/b>van Stad Roeselare, kunnen gratis een materiaalkoffer ontlenen tegen een waarborg van \u20ac 30. Contacteer hiervoor het secretariaat.<\/p>\n<a target='_blank' style='text-decoration:none;' title='download de PDF-versie van het bestand Materiaallijst ANIMATIEatelier 2e graad' href='\/downloads\/materiaallijsten\/Materiaallijst ANIMATIEatelier 2e graad.pdf'>Materiaallijst ANIMATIEatelier 2e graad<\/a>&nbsp;<a target='_blank' title='download de PDF-versie van het bestand Materiaallijst ANIMATIEatelier 2e graad' href='\/downloads\/materiaallijsten\/Materiaallijst ANIMATIEatelier 2e graad.pdf' class='download' style='width:16px;height:16px;'><img src='https:\/\/www.saskroeselare.be\/_\/wp-content\/plugins\/sask-downloads-op-frontend\/afbeeldingen\/download-icoontjes\/pdf.png' style='width:16px;height:16px;'><\/a><\/a><br\/><a target='_blank' style='text-decoration:none;' title='download de PDF-versie van het bestand Materiaallijst ANIMATIEatelier 3e graad' href='\/downloads\/materiaallijsten\/Materiaallijst ANIMATIEatelier 3e graad.pdf'>Materiaallijst ANIMATIEatelier 3e graad<\/a>&nbsp;<a target='_blank' title='download de PDF-versie van het bestand Materiaallijst ANIMATIEatelier 3e graad' href='\/downloads\/materiaallijsten\/Materiaallijst ANIMATIEatelier 3e graad.pdf' class='download' style='width:16px;height:16px;'><img src='https:\/\/www.saskroeselare.be\/_\/wp-content\/plugins\/sask-downloads-op-frontend\/afbeeldingen\/download-icoontjes\/pdf.png' style='width:16px;height:16px;'><\/a><\/a><br\/><a target='_blank' style='text-decoration:none;' title='download de PDF-versie van het bestand Materiaallijst ARCHITECTUURatelier 3e graad' href='\/downloads\/materiaallijsten\/Materiaallijst ARCHITECTUURatelier 3e graad.pdf'>Materiaallijst ARCHITECTUURatelier 3e graad<\/a>&nbsp;<a target='_blank' title='download de PDF-versie van het bestand Materiaallijst ARCHITECTUURatelier 3e graad' href='\/downloads\/materiaallijsten\/Materiaallijst ARCHITECTUURatelier 3e graad.pdf' class='download' style='width:16px;height:16px;'><img src='https:\/\/www.saskroeselare.be\/_\/wp-content\/plugins\/sask-downloads-op-frontend\/afbeeldingen\/download-icoontjes\/pdf.png' style='width:16px;height:16px;'><\/a><\/a><br\/><a target='_blank' style='text-decoration:none;' title='download de PDF-versie van het bestand Materiaallijst BEELDatelier 1e en 2e graad' href='\/downloads\/materiaallijsten\/Materiaallijst BEELDatelier 1e en 2e graad.pdf'>Materiaallijst BEELDatelier 1e en 2e graad<\/a>&nbsp;<a target='_blank' title='download de PDF-versie van het bestand Materiaallijst BEELDatelier 1e en 2e graad' href='\/downloads\/materiaallijsten\/Materiaallijst BEELDatelier 1e en 2e graad.pdf' class='download' style='width:16px;height:16px;'><img src='https:\/\/www.saskroeselare.be\/_\/wp-content\/plugins\/sask-downloads-op-frontend\/afbeeldingen\/download-icoontjes\/pdf.png' style='width:16px;height:16px;'><\/a><\/a><br\/><a target='_blank' style='text-decoration:none;' title='download de PDF-versie van het bestand Materiaallijst BEELDatelier 3e graad' href='\/downloads\/materiaallijsten\/Materiaallijst BEELDatelier 3e graad.pdf'>Materiaallijst BEELDatelier 3e graad<\/a>&nbsp;<a target='_blank' title='download de PDF-versie van het bestand Materiaallijst BEELDatelier 3e graad' href='\/downloads\/materiaallijsten\/Materiaallijst BEELDatelier 3e graad.pdf' class='download' style='width:16px;height:16px;'><img src='https:\/\/www.saskroeselare.be\/_\/wp-content\/plugins\/sask-downloads-op-frontend\/afbeeldingen\/download-icoontjes\/pdf.png' style='width:16px;height:16px;'><\/a><\/a><br\/><a target='_blank' style='text-decoration:none;' title='download de PDF-versie van het bestand Materiaallijst BEELDatelier A-klassen 1e, 2e en 3e graad' href='\/downloads\/materiaallijsten\/Materiaallijst BEELDatelier A-klassen 1e, 2e en 3e graad.pdf'>Materiaallijst BEELDatelier A-klassen 1e, 2e en 3e graad<\/a>&nbsp;<a target='_blank' title='download de PDF-versie van het bestand Materiaallijst BEELDatelier A-klassen 1e, 2e en 3e graad' href='\/downloads\/materiaallijsten\/Materiaallijst BEELDatelier A-klassen 1e, 2e en 3e graad.pdf' class='download' style='width:16px;height:16px;'><img src='https:\/\/www.saskroeselare.be\/_\/wp-content\/plugins\/sask-downloads-op-frontend\/afbeeldingen\/download-icoontjes\/pdf.png' style='width:16px;height:16px;'><\/a><\/a><br\/><a target='_blank' style='text-decoration:none;' title='download de PDF-versie van het bestand Materiaallijst FOCUSatelier TECHNIEK 1e en 2e graad' href='\/downloads\/materiaallijsten\/Materiaallijst FOCUSatelier TECHNIEK 1e en 2e graad.pdf'>Materiaallijst FOCUSatelier TECHNIEK 1e en 2e graad<\/a>&nbsp;<a target='_blank' title='download de PDF-versie van het bestand Materiaallijst FOCUSatelier TECHNIEK 1e en 2e graad' href='\/downloads\/materiaallijsten\/Materiaallijst FOCUSatelier TECHNIEK 1e en 2e graad.pdf' class='download' style='width:16px;height:16px;'><img src='https:\/\/www.saskroeselare.be\/_\/wp-content\/plugins\/sask-downloads-op-frontend\/afbeeldingen\/download-icoontjes\/pdf.png' style='width:16px;height:16px;'><\/a><\/a><br\/>\n<h3>Wat als ik eens niet naar de les kan komen?<\/h3>\n<p>We zijn een school en dienen dus elke afwezigheid te registeren. Je kan eenvoudig zelf jouw afwezigheid melden aan het secretariaat via de <a href=\"https:\/\/tools.saskroeselare.be\/afwezigheden\/form.php\">knop &#8216;afwezigheid melden&#8217;<\/a> op onze website. Mogen we vragen dit steeds te doen!<\/p>\n<h3>Wat als mijn leerkracht afwezig is?<\/h3>\n<p>Je wordt via SMS op de hoogte gebracht wanneer de les niet doorgaat. Bezorg het secretariaat dus zeker een gsmnummer. Voor leerlingen jonger dan 18 jaar, moet dit het gsmnummer van \u00e9\u00e9n van de ouders zijn.<\/p>\n<h3>Hoe gebeurt de schoolcommunicatie?<\/h3>\n<p>In de communicatie met leerlingen (en ouders) maken wij voortdurend gebruik van e-mail. Mogen wij dan ook vragen om per gezin minstens \u00e9\u00e9n e-mailadres op te geven. Is de leerling jonger dan 18 jaar, hebben we het e-mailadres van \u00e9\u00e9n of beide ouders nodig.<\/p>\n<h3>Wanneer is geen les?<\/h3>\n<p>Wij volgen het schooljaar zoals de dagschool.<br \/>\nOmdat wij ook op zaterdag lessen geven, is er de zaterdag net voor een vakantieweek w\u00e9l les. De zaterdag <em>in<\/em> de vakantie is er geen les. Op een feestdag is er geen les. De SASK maakt enkel &#8216;de brug&#8217; met het Hemelvaartsweekend.<\/p>\n<p><a href=\"\/_\/info\/kalender\/\">Hier kan je de schoolkalender downloaden.<\/a>[\/vc_column_text][\/vc_column][\/vc_row]<\/p>\n<\/div>","protected":false},"excerpt":{"rendered":"<p>[vc_row][vc_column width=&#8221;1\/3&#8243;][vc_single_image image=&#8221;27604&#8243; img_size=&#8221;full&#8221; css=&#8221;.vc_custom_1693481279987{margin-top: 30px !important;}&#8221;][\/vc_column][vc_column width=&#8221;2\/3&#8243;][vc_column_text css=&#8221;&#8221;] Wanneer starten de lessen? De lessen van het nieuwe schooljaar starten vanaf 1 september.\u00a0 Er kan wel nog tot eind september worden ingeschreven. Vanaf wanneer mag ik naar de les komen? Ben je ingeschreven dan mag je meteen naar de les komen.\u00a0 Ook als je nog [&hellip;]<\/p>\n","protected":false},"author":1,"featured_media":0,"parent":102,"menu_order":0,"comment_status":"closed","ping_status":"closed","template":"","meta":{"footnotes":""},"class_list":["post-6737","page","type-page","status-publish","hentry"],"_links":{"self":[{"href":"https:\/\/www.saskroeselare.be\/_\/wp-json\/wp\/v2\/pages\/6737","targetHints":{"allow":["GET"]}}],"collection":[{"href":"https:\/\/www.saskroeselare.be\/_\/wp-json\/wp\/v2\/pages"}],"about":[{"href":"https:\/\/www.saskroeselare.be\/_\/wp-json\/wp\/v2\/types\/page"}],"author":[{"embeddable":true,"href":"https:\/\/www.saskroeselare.be\/_\/wp-json\/wp\/v2\/users\/1"}],"replies":[{"embeddable":true,"href":"https:\/\/www.saskroeselare.be\/_\/wp-json\/wp\/v2\/comments?post=6737"}],"version-history":[{"count":15,"href":"https:\/\/www.saskroeselare.be\/_\/wp-json\/wp\/v2\/pages\/6737\/revisions"}],"predecessor-version":[{"id":30238,"href":"https:\/\/www.saskroeselare.be\/_\/wp-json\/wp\/v2\/pages\/6737\/revisions\/30238"}],"up":[{"embeddable":true,"href":"https:\/\/www.saskroeselare.be\/_\/wp-json\/wp\/v2\/pages\/102"}],"wp:attachment":[{"href":"https:\/\/www.saskroeselare.be\/_\/wp-json\/wp\/v2\/media?parent=6737"}],"curies":[{"name":"wp","href":"https:\/\/api.w.org\/{rel}","templated":true}]}}

<div class="wpb-content-wrapper"><p>[vc_row][vc_column width=&#8221;1/3&#8243;][vc_single_image image=&#8221;27604&#8243; img_size=&#8221;full&#8221; css=&#8221;.vc_custom_1693481279987{margin-top: 30px !important;}&#8221;][/vc_column][vc_column width=&#8221;2/3&#8243;][vc_column_text css=&#8221;&#8221;]</p>
<h3>Wanneer starten de lessen?</h3>
<p>De lessen van het nieuwe schooljaar starten <strong>vanaf 1 september</strong>.  Er kan wel nog tot eind september worden <a href="/_/info/inschrijven/">ingeschreven</a>.</p>
<h3>Vanaf wanneer mag ik naar de les komen?</h3>
<p>Ben je ingeschreven dan mag je meteen naar de les komen.  Ook als je nog niet hebt betaald.</p>
<p>Wil je een <strong>proefles</strong> volgen? Dat kan, neem hiervoor contact op met secretariaat!</p>
<h3>Waar en wanneer begint mijn les?</h3>
<p>Je kan dit terugvinden op je <a href="https://mijnacademie.be/saskroeselare" target="_blank" rel="noopener">mijnacademie.be</a> account (rechtsboven aanmelden).<br />
Omdat op de hoofdschool in Roeselare heel wat lessen doorgaan, plaatsen we de eerste twee weken van september een groot infobord met de klassenlijsten in de inkom.<br />
Gedurende die eerste twee weken zal iemand jou onthalen en wegwijzen in de hoofdschool.</p>
<h3>Wat moet ik mee brengen?</h3>
<p>Nieuwe leerlingen die nog geen materiaal hebben, brengen voor de eerste les nog geen materiaal mee. De leerkracht voorziet voldoende materiaal voor die eerste les. Oud-leerlingen brengen hun materiaalkoffer van vorig jaar mee.</p>
<p>Elke leerling ontvangt de eerste les een materiaallijst van de leerkracht. De materiaallijsten voor de lessen van de -18-jarigen kan je hieronder al eens bekijken, <strong>maar koop vooraf nog niets aan</strong>!<br />
Het kan zijn dat de leerkrachten zelf nog zaken schrappen of toevoegen aan deze lijst, waardoor je overbodige zaken zou kunnen aankopen.</p>
<p>Leerlingen met een <b><strong>vrijetijdspas </strong></b>van Stad Roeselare, kunnen gratis een materiaalkoffer ontlenen tegen een waarborg van € 30. Contacteer hiervoor het secretariaat.</p>
<a target='_blank' style='text-decoration:none;' title='download de PDF-versie van het bestand Materiaallijst ANIMATIEatelier 2e graad' href='/downloads/materiaallijsten/Materiaallijst ANIMATIEatelier 2e graad.pdf'>Materiaallijst ANIMATIEatelier 2e graad</a>&nbsp;<a target='_blank' title='download de PDF-versie van het bestand Materiaallijst ANIMATIEatelier 2e graad' href='/downloads/materiaallijsten/Materiaallijst ANIMATIEatelier 2e graad.pdf' class='download' style='width:16px;height:16px;'><img src='https://www.saskroeselare.be/_/wp-content/plugins/sask-downloads-op-frontend/afbeeldingen/download-icoontjes/pdf.png' style='width:16px;height:16px;'></a></a><br/><a target='_blank' style='text-decoration:none;' title='download de PDF-versie van het bestand Materiaallijst ANIMATIEatelier 3e graad' href='/downloads/materiaallijsten/Materiaallijst ANIMATIEatelier 3e graad.pdf'>Materiaallijst ANIMATIEatelier 3e graad</a>&nbsp;<a target='_blank' title='download de PDF-versie van het bestand Materiaallijst ANIMATIEatelier 3e graad' href='/downloads/materiaallijsten/Materiaallijst ANIMATIEatelier 3e graad.pdf' class='download' style='width:16px;height:16px;'><img src='https://www.saskroeselare.be/_/wp-content/plugins/sask-downloads-op-frontend/afbeeldingen/download-icoontjes/pdf.png' style='width:16px;height:16px;'></a></a><br/><a target='_blank' style='text-decoration:none;' title='download de PDF-versie van het bestand Materiaallijst ARCHITECTUURatelier 3e graad' href='/downloads/materiaallijsten/Materiaallijst ARCHITECTUURatelier 3e graad.pdf'>Materiaallijst ARCHITECTUURatelier 3e graad</a>&nbsp;<a target='_blank' title='download de PDF-versie van het bestand Materiaallijst ARCHITECTUURatelier 3e graad' href='/downloads/materiaallijsten/Materiaallijst ARCHITECTUURatelier 3e graad.pdf' class='download' style='width:16px;height:16px;'><img src='https://www.saskroeselare.be/_/wp-content/plugins/sask-downloads-op-frontend/afbeeldingen/download-icoontjes/pdf.png' style='width:16px;height:16px;'></a></a><br/><a target='_blank' style='text-decoration:none;' title='download de PDF-versie van het bestand Materiaallijst BEELDatelier 1e en 2e graad' href='/downloads/materiaallijsten/Materiaallijst BEELDatelier 1e en 2e graad.pdf'>Materiaallijst BEELDatelier 1e en 2e graad</a>&nbsp;<a target='_blank' title='download de PDF-versie van het bestand Materiaallijst BEELDatelier 1e en 2e graad' href='/downloads/materiaallijsten/Materiaallijst BEELDatelier 1e en 2e graad.pdf' class='download' style='width:16px;height:16px;'><img src='https://www.saskroeselare.be/_/wp-content/plugins/sask-downloads-op-frontend/afbeeldingen/download-icoontjes/pdf.png' style='width:16px;height:16px;'></a></a><br/><a target='_blank' style='text-decoration:none;' title='download de PDF-versie van het bestand Materiaallijst BEELDatelier 3e graad' href='/downloads/materiaallijsten/Materiaallijst BEELDatelier 3e graad.pdf'>Materiaallijst BEELDatelier 3e graad</a>&nbsp;<a target='_blank' title='download de PDF-versie van het bestand Materiaallijst BEELDatelier 3e graad' href='/downloads/materiaallijsten/Materiaallijst BEELDatelier 3e graad.pdf' class='download' style='width:16px;height:16px;'><img src='https://www.saskroeselare.be/_/wp-content/plugins/sask-downloads-op-frontend/afbeeldingen/download-icoontjes/pdf.png' style='width:16px;height:16px;'></a></a><br/><a target='_blank' style='text-decoration:none;' title='download de PDF-versie van het bestand Materiaallijst BEELDatelier A-klassen 1e, 2e en 3e graad' href='/downloads/materiaallijsten/Materiaallijst BEELDatelier A-klassen 1e, 2e en 3e graad.pdf'>Materiaallijst BEELDatelier A-klassen 1e, 2e en 3e graad</a>&nbsp;<a target='_blank' title='download de PDF-versie van het bestand Materiaallijst BEELDatelier A-klassen 1e, 2e en 3e graad' href='/downloads/materiaallijsten/Materiaallijst BEELDatelier A-klassen 1e, 2e en 3e graad.pdf' class='download' style='width:16px;height:16px;'><img src='https://www.saskroeselare.be/_/wp-content/plugins/sask-downloads-op-frontend/afbeeldingen/download-icoontjes/pdf.png' style='width:16px;height:16px;'></a></a><br/><a target='_blank' style='text-decoration:none;' title='download de PDF-versie van het bestand Materiaallijst FOCUSatelier TECHNIEK 1e en 2e graad' href='/downloads/materiaallijsten/Materiaallijst FOCUSatelier TECHNIEK 1e en 2e graad.pdf'>Materiaallijst FOCUSatelier TECHNIEK 1e en 2e graad</a>&nbsp;<a target='_blank' title='download de PDF-versie van het bestand Materiaallijst FOCUSatelier TECHNIEK 1e en 2e graad' href='/downloads/materiaallijsten/Materiaallijst FOCUSatelier TECHNIEK 1e en 2e graad.pdf' class='download' style='width:16px;height:16px;'><img src='https://www.saskroeselare.be/_/wp-content/plugins/sask-downloads-op-frontend/afbeeldingen/download-icoontjes/pdf.png' style='width:16px;height:16px;'></a></a><br/>
<h3>Wat als ik eens niet naar de les kan komen?</h3>
<p>We zijn een school en dienen dus elke afwezigheid te registeren. Je kan eenvoudig zelf jouw afwezigheid melden aan het secretariaat via de <a href="https://tools.saskroeselare.be/afwezigheden/form.php">knop &#8216;afwezigheid melden&#8217;</a> op onze website. Mogen we vragen dit steeds te doen!</p>
<h3>Wat als mijn leerkracht afwezig is?</h3>
<p>Je wordt via SMS op de hoogte gebracht wanneer de les niet doorgaat. Bezorg het secretariaat dus zeker een gsmnummer. Voor leerlingen jonger dan 18 jaar, moet dit het gsmnummer van één van de ouders zijn.</p>
<h3>Hoe gebeurt de schoolcommunicatie?</h3>
<p>In de communicatie met leerlingen (en ouders) maken wij voortdurend gebruik van e-mail. Mogen wij dan ook vragen om per gezin minstens één e-mailadres op te geven. Is de leerling jonger dan 18 jaar, hebben we het e-mailadres van één of beide ouders nodig.</p>
<h3>Wanneer is geen les?</h3>
<p>Wij volgen het schooljaar zoals de dagschool.<br />
Omdat wij ook op zaterdag lessen geven, is er de zaterdag net voor een vakantieweek wél les. De zaterdag <em>in</em> de vakantie is er geen les. Op een feestdag is er geen les. De SASK maakt enkel &#8216;de brug&#8217; met het Hemelvaartsweekend.</p>
<p><a href="/_/info/kalender/">Hier kan je de schoolkalender downloaden.</a>[/vc_column_text][/vc_column][/vc_row]</p>
</div>
